{"id":2,"date":"2023-11-26T11:07:26","date_gmt":"2023-11-26T10:07:26","guid":{"rendered":"http:\/\/petitspiedsvoyageurs.com\/?page_id=2"},"modified":"2024-02-13T09:44:53","modified_gmt":"2024-02-13T08:44:53","slug":"page-d-exemple","status":"publish","type":"page","link":"https:\/\/petitspiedsvoyageurs.com\/index.php\/page-d-exemple\/","title":{"rendered":"Qui suis-je ?"},"content":{"rendered":"\n<figure class=\"wp-block-gallery has-nested-images columns-default is-cropped wp-block-gallery-1 is-layout-flex wp-block-gallery-is-layout-flex\"><div class=\"wp-block-image\">\n<figure class=\"aligncenter size-large\"><img fetchpriority=\"high\" decoding=\"async\" width=\"1024\" height=\"1024\" data-id=\"267\" src=\"https:\/\/petitspiedsvoyageurs.com\/wp-content\/uploads\/2024\/02\/philipinne-1-1024x1024.jpg\" alt=\"\" class=\"wp-image-267\" srcset=\"https:\/\/petitspiedsvoyageurs.com\/wp-content\/uploads\/2024\/02\/philipinne-1-1024x1024.jpg 1024w, https:\/\/petitspiedsvoyageurs.com\/wp-content\/uploads\/2024\/02\/philipinne-1-300x300.jpg 300w, https:\/\/petitspiedsvoyageurs.com\/wp-content\/uploads\/2024\/02\/philipinne-1-100x100.jpg 100w, https:\/\/petitspiedsvoyageurs.com\/wp-content\/uploads\/2024\/02\/philipinne-1-600x600.jpg 600w, https:\/\/petitspiedsvoyageurs.com\/wp-content\/uploads\/2024\/02\/philipinne-1-150x150.jpg 150w, https:\/\/petitspiedsvoyageurs.com\/wp-content\/uploads\/2024\/02\/philipinne-1-768x768.jpg 768w, https:\/\/petitspiedsvoyageurs.com\/wp-content\/uploads\/2024\/02\/philipinne-1-508x508.jpg 508w, https:\/\/petitspiedsvoyageurs.com\/wp-content\/uploads\/2024\/02\/philipinne-1.jpg 1440w\" sizes=\"(max-width: 1024px) 100vw, 1024px\" \/><\/figure>\n<\/div><\/figure>\n\n\n\n<p class=\"has-text-align-center\">Hello, je suis Floriane originaire de la r\u00e9gion Bordelaise, j&rsquo;ai commenc\u00e9 \u00e0 voyager \u00e0 l&rsquo;\u00e2ge de 25 ans en 2018. Tout d&rsquo;abord solo en commen\u00e7ant par la Tha\u00eflande et les Philippines, puis j&rsquo;ai rencontr\u00e9 un charmant N\u00e9erlandais sur ma route, lui aussi adepte de voyage, nous avons d\u00e9cider de continuer l&rsquo;aventure de vie ensemble.<\/p>\n\n\n\n<figure class=\"wp-block-gallery has-nested-images columns-default is-cropped wp-block-gallery-2 is-layout-flex wp-block-gallery-is-layout-flex\">\n<figure class=\"wp-block-image size-full\"><img decoding=\"async\" width=\"1440\" height=\"2560\" data-id=\"265\" src=\"https:\/\/petitspiedsvoyageurs.com\/wp-content\/uploads\/2024\/02\/20210502_105615-scaled.jpg\" alt=\"\" class=\"wp-image-265\" srcset=\"https:\/\/petitspiedsvoyageurs.com\/wp-content\/uploads\/2024\/02\/20210502_105615-scaled.jpg 1440w, https:\/\/petitspiedsvoyageurs.com\/wp-content\/uploads\/2024\/02\/20210502_105615-scaled-600x1067.jpg 600w, https:\/\/petitspiedsvoyageurs.com\/wp-content\/uploads\/2024\/02\/20210502_105615-169x300.jpg 169w, https:\/\/petitspiedsvoyageurs.com\/wp-content\/uploads\/2024\/02\/20210502_105615-576x1024.jpg 576w, https:\/\/petitspiedsvoyageurs.com\/wp-content\/uploads\/2024\/02\/20210502_105615-768x1365.jpg 768w, https:\/\/petitspiedsvoyageurs.com\/wp-content\/uploads\/2024\/02\/20210502_105615-864x1536.jpg 864w, https:\/\/petitspiedsvoyageurs.com\/wp-content\/uploads\/2024\/02\/20210502_105615-1152x2048.jpg 1152w\" sizes=\"(max-width: 1440px) 100vw, 1440px\" \/><\/figure>\n\n\n\n<figure class=\"wp-block-image size-large\"><img decoding=\"async\" width=\"1024\" height=\"768\" data-id=\"296\" src=\"https:\/\/petitspiedsvoyageurs.com\/wp-content\/uploads\/2024\/02\/mexique-1024x768.jpg\" alt=\"\" class=\"wp-image-296\" srcset=\"https:\/\/petitspiedsvoyageurs.com\/wp-content\/uploads\/2024\/02\/mexique-1024x768.jpg 1024w, https:\/\/petitspiedsvoyageurs.com\/wp-content\/uploads\/2024\/02\/mexique-scaled-600x450.jpg 600w, https:\/\/petitspiedsvoyageurs.com\/wp-content\/uploads\/2024\/02\/mexique-300x225.jpg 300w, https:\/\/petitspiedsvoyageurs.com\/wp-content\/uploads\/2024\/02\/mexique-768x576.jpg 768w, https:\/\/petitspiedsvoyageurs.com\/wp-content\/uploads\/2024\/02\/mexique-1536x1152.jpg 1536w, https:\/\/petitspiedsvoyageurs.com\/wp-content\/uploads\/2024\/02\/mexique-2048x1536.jpg 2048w, https:\/\/petitspiedsvoyageurs.com\/wp-content\/uploads\/2024\/02\/mexique-508x381.jpg 508w\" sizes=\"(max-width: 1024px) 100vw, 1024px\" \/><\/figure>\n\n\n\n<figure class=\"wp-block-image size-large\"><img loading=\"lazy\" decoding=\"async\" width=\"650\" height=\"1024\" data-id=\"274\" src=\"https:\/\/petitspiedsvoyageurs.com\/wp-content\/uploads\/2024\/02\/20210411_002634-650x1024.jpg\" alt=\"\" class=\"wp-image-274\" srcset=\"https:\/\/petitspiedsvoyageurs.com\/wp-content\/uploads\/2024\/02\/20210411_002634-650x1024.jpg 650w, https:\/\/petitspiedsvoyageurs.com\/wp-content\/uploads\/2024\/02\/20210411_002634-scaled-600x946.jpg 600w, https:\/\/petitspiedsvoyageurs.com\/wp-content\/uploads\/2024\/02\/20210411_002634-190x300.jpg 190w, https:\/\/petitspiedsvoyageurs.com\/wp-content\/uploads\/2024\/02\/20210411_002634-768x1211.jpg 768w, https:\/\/petitspiedsvoyageurs.com\/wp-content\/uploads\/2024\/02\/20210411_002634-974x1536.jpg 974w, https:\/\/petitspiedsvoyageurs.com\/wp-content\/uploads\/2024\/02\/20210411_002634-1299x2048.jpg 1299w, https:\/\/petitspiedsvoyageurs.com\/wp-content\/uploads\/2024\/02\/20210411_002634-scaled.jpg 1624w\" sizes=\"(max-width: 650px) 100vw, 650px\" \/><\/figure>\n<\/figure>\n\n\n\n<p class=\"has-text-align-center\">Ensemble nous avons travers\u00e9 un bout d\u00a0\u00bbAm\u00e9rique du Sud en bus qu&rsquo;elle aventure ! Mexique, Colombie, \u00c9quateur, P\u00e9rou, Bolivie, Argentine, Br\u00e9sil.<\/p>\n\n\n\n<figure class=\"wp-block-gallery has-nested-images columns-default is-cropped wp-block-gallery-3 is-layout-flex wp-block-gallery-is-layout-flex\">\n<figure class=\"wp-block-image size-large\"><img loading=\"lazy\" decoding=\"async\" width=\"1024\" height=\"768\" data-id=\"298\" src=\"https:\/\/petitspiedsvoyageurs.com\/wp-content\/uploads\/2024\/02\/bolivia-1024x768.jpg\" alt=\"\" class=\"wp-image-298\" srcset=\"https:\/\/petitspiedsvoyageurs.com\/wp-content\/uploads\/2024\/02\/bolivia-1024x768.jpg 1024w, https:\/\/petitspiedsvoyageurs.com\/wp-content\/uploads\/2024\/02\/bolivia-scaled-600x450.jpg 600w, https:\/\/petitspiedsvoyageurs.com\/wp-content\/uploads\/2024\/02\/bolivia-300x225.jpg 300w, https:\/\/petitspiedsvoyageurs.com\/wp-content\/uploads\/2024\/02\/bolivia-768x576.jpg 768w, https:\/\/petitspiedsvoyageurs.com\/wp-content\/uploads\/2024\/02\/bolivia-1536x1152.jpg 1536w, https:\/\/petitspiedsvoyageurs.com\/wp-content\/uploads\/2024\/02\/bolivia-2048x1536.jpg 2048w, https:\/\/petitspiedsvoyageurs.com\/wp-content\/uploads\/2024\/02\/bolivia-508x381.jpg 508w\" sizes=\"(max-width: 1024px) 100vw, 1024px\" \/><\/figure>\n\n\n\n<figure class=\"wp-block-image size-large\"><img loading=\"lazy\" decoding=\"async\" width=\"1024\" height=\"768\" data-id=\"299\" src=\"https:\/\/petitspiedsvoyageurs.com\/wp-content\/uploads\/2024\/02\/peru-1024x768.jpg\" alt=\"\" class=\"wp-image-299\" srcset=\"https:\/\/petitspiedsvoyageurs.com\/wp-content\/uploads\/2024\/02\/peru-1024x768.jpg 1024w, https:\/\/petitspiedsvoyageurs.com\/wp-content\/uploads\/2024\/02\/peru-scaled-600x450.jpg 600w, https:\/\/petitspiedsvoyageurs.com\/wp-content\/uploads\/2024\/02\/peru-300x225.jpg 300w, https:\/\/petitspiedsvoyageurs.com\/wp-content\/uploads\/2024\/02\/peru-768x576.jpg 768w, https:\/\/petitspiedsvoyageurs.com\/wp-content\/uploads\/2024\/02\/peru-1536x1152.jpg 1536w, https:\/\/petitspiedsvoyageurs.com\/wp-content\/uploads\/2024\/02\/peru-2048x1536.jpg 2048w, https:\/\/petitspiedsvoyageurs.com\/wp-content\/uploads\/2024\/02\/peru-508x381.jpg 508w\" sizes=\"(max-width: 1024px) 100vw, 1024px\" \/><\/figure>\n<\/figure>\n\n\n\n<p class=\"has-text-align-center\">Puis, un autre voyage qui a combin\u00e9 l&rsquo;Indon\u00e9sie, le Vietnam, Cambodge et l&rsquo;Australie.<\/p>\n\n\n\n<figure class=\"wp-block-gallery has-nested-images columns-default is-cropped wp-block-gallery-4 is-layout-flex wp-block-gallery-is-layout-flex\">\n<figure class=\"wp-block-image size-large\"><img loading=\"lazy\" decoding=\"async\" width=\"768\" height=\"1024\" data-id=\"252\" src=\"https:\/\/petitspiedsvoyageurs.com\/wp-content\/uploads\/2024\/02\/IMG-20191203-WA0001-1-768x1024.jpg\" alt=\"\" class=\"wp-image-252\" srcset=\"https:\/\/petitspiedsvoyageurs.com\/wp-content\/uploads\/2024\/02\/IMG-20191203-WA0001-1-768x1023.jpg 768w, https:\/\/petitspiedsvoyageurs.com\/wp-content\/uploads\/2024\/02\/IMG-20191203-WA0001-1-600x800.jpg 600w, https:\/\/petitspiedsvoyageurs.com\/wp-content\/uploads\/2024\/02\/IMG-20191203-WA0001-1-225x300.jpg 225w, https:\/\/petitspiedsvoyageurs.com\/wp-content\/uploads\/2024\/02\/IMG-20191203-WA0001-1-1153x1536.jpg 1153w, https:\/\/petitspiedsvoyageurs.com\/wp-content\/uploads\/2024\/02\/IMG-20191203-WA0001-1.jpg 1200w\" sizes=\"(max-width: 768px) 100vw, 768px\" \/><\/figure>\n\n\n\n<figure class=\"wp-block-image size-large\"><img loading=\"lazy\" decoding=\"async\" width=\"768\" height=\"1024\" data-id=\"253\" src=\"https:\/\/petitspiedsvoyageurs.com\/wp-content\/uploads\/2024\/02\/IMG-20240207-WA0015-768x1024.jpg\" alt=\"\" class=\"wp-image-253\" srcset=\"https:\/\/petitspiedsvoyageurs.com\/wp-content\/uploads\/2024\/02\/IMG-20240207-WA0015-768x1024.jpg 768w, https:\/\/petitspiedsvoyageurs.com\/wp-content\/uploads\/2024\/02\/IMG-20240207-WA0015-600x800.jpg 600w, https:\/\/petitspiedsvoyageurs.com\/wp-content\/uploads\/2024\/02\/IMG-20240207-WA0015-225x300.jpg 225w, https:\/\/petitspiedsvoyageurs.com\/wp-content\/uploads\/2024\/02\/IMG-20240207-WA0015-1152x1536.jpg 1152w, https:\/\/petitspiedsvoyageurs.com\/wp-content\/uploads\/2024\/02\/IMG-20240207-WA0015.jpg 1536w\" sizes=\"(max-width: 768px) 100vw, 768px\" \/><\/figure>\n\n\n\n<figure class=\"wp-block-image size-large\"><img loading=\"lazy\" decoding=\"async\" width=\"1024\" height=\"768\" data-id=\"254\" src=\"https:\/\/petitspiedsvoyageurs.com\/wp-content\/uploads\/2024\/02\/IMG-20240205-WA0000-1-1024x768.jpg\" alt=\"\" class=\"wp-image-254\" srcset=\"https:\/\/petitspiedsvoyageurs.com\/wp-content\/uploads\/2024\/02\/IMG-20240205-WA0000-1-1024x768.jpg 1024w, https:\/\/petitspiedsvoyageurs.com\/wp-content\/uploads\/2024\/02\/IMG-20240205-WA0000-1-600x450.jpg 600w, https:\/\/petitspiedsvoyageurs.com\/wp-content\/uploads\/2024\/02\/IMG-20240205-WA0000-1-300x225.jpg 300w, https:\/\/petitspiedsvoyageurs.com\/wp-content\/uploads\/2024\/02\/IMG-20240205-WA0000-1-768x576.jpg 768w, https:\/\/petitspiedsvoyageurs.com\/wp-content\/uploads\/2024\/02\/IMG-20240205-WA0000-1-1536x1152.jpg 1536w, https:\/\/petitspiedsvoyageurs.com\/wp-content\/uploads\/2024\/02\/IMG-20240205-WA0000-1-508x381.jpg 508w, https:\/\/petitspiedsvoyageurs.com\/wp-content\/uploads\/2024\/02\/IMG-20240205-WA0000-1.jpg 2048w\" sizes=\"(max-width: 1024px) 100vw, 1024px\" \/><\/figure>\n<\/figure>\n\n\n\n<p class=\"has-text-align-center\">Tout en d\u00e9couvrant notre ch\u00e8re Europe \u00e9galement.<\/p>\n\n\n\n<p class=\"has-text-align-center\">Nous sommes partis 1 an au Qu\u00e9bec et c&rsquo;est la que notre fille est venu se blottir dans mon ventre, puis nous nous sommes install\u00e9s \u00e0 mes 7 mois de grossesse aux Pays-Bas et avons accueilli Liv, notre petite Franco-N\u00e9erlandaise,  ici en 2022.<\/p>\n\n\n\n<figure class=\"wp-block-gallery has-nested-images columns-default is-cropped wp-block-gallery-5 is-layout-flex wp-block-gallery-is-layout-flex\">\n<figure class=\"wp-block-image size-large\"><img loading=\"lazy\" decoding=\"async\" width=\"683\" height=\"1024\" data-id=\"258\" src=\"https:\/\/petitspiedsvoyageurs.com\/wp-content\/uploads\/2024\/02\/quebec-683x1024.jpg\" alt=\"\" class=\"wp-image-258\" srcset=\"https:\/\/petitspiedsvoyageurs.com\/wp-content\/uploads\/2024\/02\/quebec-683x1024.jpg 683w, https:\/\/petitspiedsvoyageurs.com\/wp-content\/uploads\/2024\/02\/quebec-600x900.jpg 600w, https:\/\/petitspiedsvoyageurs.com\/wp-content\/uploads\/2024\/02\/quebec-200x300.jpg 200w, https:\/\/petitspiedsvoyageurs.com\/wp-content\/uploads\/2024\/02\/quebec-768x1152.jpg 768w, https:\/\/petitspiedsvoyageurs.com\/wp-content\/uploads\/2024\/02\/quebec-1024x1536.jpg 1024w, https:\/\/petitspiedsvoyageurs.com\/wp-content\/uploads\/2024\/02\/quebec.jpg 1365w\" sizes=\"(max-width: 683px) 100vw, 683px\" \/><\/figure>\n\n\n\n<figure class=\"wp-block-image size-large\"><img loading=\"lazy\" decoding=\"async\" width=\"960\" height=\"960\" data-id=\"260\" src=\"https:\/\/petitspiedsvoyageurs.com\/wp-content\/uploads\/2024\/02\/quebec-2.jpg\" alt=\"\" class=\"wp-image-260\" srcset=\"https:\/\/petitspiedsvoyageurs.com\/wp-content\/uploads\/2024\/02\/quebec-2.jpg 960w, https:\/\/petitspiedsvoyageurs.com\/wp-content\/uploads\/2024\/02\/quebec-2-300x300.jpg 300w, https:\/\/petitspiedsvoyageurs.com\/wp-content\/uploads\/2024\/02\/quebec-2-100x100.jpg 100w, https:\/\/petitspiedsvoyageurs.com\/wp-content\/uploads\/2024\/02\/quebec-2-600x600.jpg 600w, https:\/\/petitspiedsvoyageurs.com\/wp-content\/uploads\/2024\/02\/quebec-2-150x150.jpg 150w, https:\/\/petitspiedsvoyageurs.com\/wp-content\/uploads\/2024\/02\/quebec-2-768x768.jpg 768w, https:\/\/petitspiedsvoyageurs.com\/wp-content\/uploads\/2024\/02\/quebec-2-508x508.jpg 508w\" sizes=\"(max-width: 960px) 100vw, 960px\" \/><\/figure>\n\n\n\n<figure class=\"wp-block-image size-large\"><img loading=\"lazy\" decoding=\"async\" width=\"576\" height=\"1024\" data-id=\"271\" src=\"https:\/\/petitspiedsvoyageurs.com\/wp-content\/uploads\/2024\/02\/20210824_194927-576x1024.jpg\" alt=\"\" class=\"wp-image-271\" srcset=\"https:\/\/petitspiedsvoyageurs.com\/wp-content\/uploads\/2024\/02\/20210824_194927-576x1024.jpg 576w, https:\/\/petitspiedsvoyageurs.com\/wp-content\/uploads\/2024\/02\/20210824_194927-scaled-600x1067.jpg 600w, https:\/\/petitspiedsvoyageurs.com\/wp-content\/uploads\/2024\/02\/20210824_194927-169x300.jpg 169w, https:\/\/petitspiedsvoyageurs.com\/wp-content\/uploads\/2024\/02\/20210824_194927-768x1365.jpg 768w, https:\/\/petitspiedsvoyageurs.com\/wp-content\/uploads\/2024\/02\/20210824_194927-864x1536.jpg 864w, https:\/\/petitspiedsvoyageurs.com\/wp-content\/uploads\/2024\/02\/20210824_194927-1152x2048.jpg 1152w, https:\/\/petitspiedsvoyageurs.com\/wp-content\/uploads\/2024\/02\/20210824_194927-scaled.jpg 1440w\" sizes=\"(max-width: 576px) 100vw, 576px\" \/><\/figure>\n<\/figure>\n\n\n\n<p class=\"has-text-align-center\">\u00c9tant maintenant maman et toujours soif de voyager nous continuons de barouder ici et l\u00e0!<\/p>\n\n\n\n<p class=\"has-text-align-center\"> J\u00b4ai donc decid\u00e9 de cr\u00e9er ce blog pour vous faire partager nos aventures et conseils selon les pays visiter avec baby.<\/p>\n\n\n\n<p class=\"has-text-align-center\">A bient\u00f4t !<\/p>\n\n\n\n<figure class=\"wp-block-gallery has-nested-images columns-default is-cropped wp-block-gallery-6 is-layout-flex wp-block-gallery-is-layout-flex\"><\/figure>\n","protected":false},"excerpt":{"rendered":"<p>Hello, je suis Floriane originaire de la r\u00e9gion Bordelaise, j&rsquo;ai commenc\u00e9 \u00e0 voyager \u00e0 l&rsquo;\u00e2ge de 25 ans en 2018.<\/p>\n<p><a href=\"https:\/\/petitspiedsvoyageurs.com\/index.php\/page-d-exemple\/\" class=\"more-link\">Continue reading<span class=\"screen-reader-text\">Qui suis-je ?<\/span><\/a><\/p>\n","protected":false},"author":1,"featured_media":0,"parent":0,"menu_order":0,"comment_status":"closed","ping_status":"open","template":"","meta":{"om_disable_all_campaigns":false,"_monsterinsights_skip_tracking":false,"_monsterinsights_sitenote_active":false,"_monsterinsights_sitenote_note":"","_monsterinsights_sitenote_category":0,"footnotes":""},"class_list":["post-2","page","type-page","status-publish","hentry"],"aioseo_notices":[],"jetpack_likes_enabled":true,"jetpack_sharing_enabled":true,"_links":{"self":[{"href":"https:\/\/petitspiedsvoyageurs.com\/index.php\/wp-json\/wp\/v2\/pages\/2","targetHints":{"allow":["GET"]}}],"collection":[{"href":"https:\/\/petitspiedsvoyageurs.com\/index.php\/wp-json\/wp\/v2\/pages"}],"about":[{"href":"https:\/\/petitspiedsvoyageurs.com\/index.php\/wp-json\/wp\/v2\/types\/page"}],"author":[{"embeddable":true,"href":"https:\/\/petitspiedsvoyageurs.com\/index.php\/wp-json\/wp\/v2\/users\/1"}],"replies":[{"embeddable":true,"href":"https:\/\/petitspiedsvoyageurs.com\/index.php\/wp-json\/wp\/v2\/comments?post=2"}],"version-history":[{"count":11,"href":"https:\/\/petitspiedsvoyageurs.com\/index.php\/wp-json\/wp\/v2\/pages\/2\/revisions"}],"predecessor-version":[{"id":320,"href":"https:\/\/petitspiedsvoyageurs.com\/index.php\/wp-json\/wp\/v2\/pages\/2\/revisions\/320"}],"wp:attachment":[{"href":"https:\/\/petitspiedsvoyageurs.com\/index.php\/wp-json\/wp\/v2\/media?parent=2"}],"curies":[{"name":"wp","href":"https:\/\/api.w.org\/{rel}","templated":true}]}}